{"id":18,"date":"2024-11-25T09:31:38","date_gmt":"2024-11-25T08:31:38","guid":{"rendered":"http:\/\/new.elotron.de\/?page_id=18"},"modified":"2026-03-16T09:21:02","modified_gmt":"2026-03-16T08:21:02","slug":"datenschutz","status":"publish","type":"page","link":"https:\/\/elotron.de\/index.php\/datenschutz\/","title":{"rendered":"Datenschutz"},"content":{"rendered":"\n<p>Datenschutzerkl\u00e4rung<\/p>\n\n\n\n<p>Wir freuen uns \u00fcber Ihren Besuch auf unserer Website. Ihre Daten werden im Rahmen der gesetzlichen Vorschriften gesch\u00fctzt. Ihre Fragen und Anregungen zum Thema Datenschutz sind uns wichtig. Sie k\u00f6nnen uns jederzeit kontaktieren. Unseren Datenschutzbeauftragten (DSB) erreichen Sie wie folgt:<\/p>\n\n\n\n<p>ELOTRON GmbH<br>Marieneher Stra\u00dfe 10<br>18069 Rostock<\/p>\n\n\n\n<p>Telefon: 0381 800 22 10\/09<br>email: elektro@elotron.de<\/p>\n\n\n\n<p><br>Damit Sie sich bei dem Besuch unserer Webseiten sicher f\u00fchlen, beachten wir bei der Verarbeitung Ihrer personenbezogenen Daten streng die gesetzlichen Bestimmungen und m\u00f6chten Sie hier \u00fcber unsere Datenerhebung und Datenverwendung informieren:<\/p>\n\n\n\n<p>1. Erhebung und Verarbeitung von Daten<br>Die erhebt, speichert oder verarbeitet Daten nur f\u00fcr die Aus\u00fcbung eigener Gesch\u00e4ftszwecke.<br>Grunds\u00e4tzlich stehen unsere Websites allen Nutzern zur Verf\u00fcgung, ohne dass pers\u00f6nliche Daten erhoben werden. Personenbezogene Daten werden ausschlie\u00dflich in dem Umfang abgefragt, verarbeitet und genutzt, in dem es erforderlich ist, um von Ihnen abgefragte Leistungen zu erbringen oder Inhalte bereitzustellen.<\/p>\n\n\n\n<p>2. Erfassung allgemeiner Informationen<br>Wenn Sie auf unsere Websites zugreifen, werden automatisch Informationen allgemeiner Natur erfasst. Diese Informationen beinhalten etwa die Art des verwendeten Webbrowsers, das verwendete Betriebssystem, den Domainnamen Ihres Internet Service Providers und \u00e4hnliches. Es handelt sich hier ausschlie\u00dflich um Informationen, welche keine R\u00fcckschl\u00fcsse auf Ihre Person zulassen. Zudem werden diese Daten ebenso beim Zugriff auf jede andere Website im Internet generiert. Es handelt sich also nicht um eine besondere Funktion unserer Website.<\/p>\n\n\n\n<p>3. Kontaktaufnahme mit , Nutzung und Weitergabe personenbezogener Daten<br>Tritt ein Webseitennutzer per E-Mail oder Kontaktformular mit in Kontakt, werden die von ihm gemachten Angaben zum Zwecke der Bearbeitung der Anfrage sowie f\u00fcr m\u00f6gliche Anschlussfragen gespeichert.<\/p>\n\n\n\n<p>Soweit Sie uns personenbezogene Daten zur Verf\u00fcgung gestellt haben, verwenden wir diese wie o.g. nur zur Beantwortung Ihrer Anfragen sowie zur Abwicklung mit Ihnen geschlossener Vertr\u00e4ge, f\u00fcr die technische Administration und um Ihnen Informationen zu gleichen oder \u00e4hnlichen Produkten zukommen zu lassen. Sie k\u00f6nnen dieser zuletzt erw\u00e4hnten Verwendung aber jederzeit formlos widersprechen.<br>Ihre personenbezogenen Daten werden an Dritte nur weitergegeben oder sonst \u00fcbermittelt, wenn dies zum Zwecke der Vertragsabwicklung \u2013 insbesondere Weitergabe von Bestelldaten an Lieferanten \u2013 erforderlich ist, dies zu Abrechnungszwecken erforderlich ist oder Sie zuvor eingewilligt haben. Sie haben das Recht, eine erteilte Einwilligung mit Wirkung f\u00fcr die Zukunft jederzeit zu widerrufen.<br>Die L\u00f6schung der gespeicherten personenbezogenen Daten erfolgt, wenn Sie Ihre Einwilligung zur Speicherung widerrufen, wenn ihre Kenntnis zur Erf\u00fcllung des mit der Speicherung verfolgten Zwecks nicht mehr erforderlich ist oder wenn ihre Speicherung aus sonstigen gesetzlichen Gr\u00fcnden unzul\u00e4ssig ist.<\/p>\n\n\n\n<p>4. Wie lange bleiben die Daten gespeichert?<br>Wir halten uns an die Grunds\u00e4tze der Datenvermeidung und Datensparsamkeit. Wir speichern Ihre personenbezogenen Daten daher nur so lange, wie dies zur Erreichung der hierin genannten Zwecke erforderlich ist oder wie es die vom Gesetzgeber vorgesehenen vielf\u00e4ltigen Speicherfristen vorsehen. Nach Fortfall des jeweiligen Zweckes bzw. Ablauf dieser Fristen werden die entsprechenden Daten routinem\u00e4\u00dfig und entsprechend den gesetzlichen Vorschriften gesperrt oder gel\u00f6scht.<\/p>\n\n\n\n<p>5. Ihre Rechte auf Auskunft, Berichtigung, Sperre, L\u00f6schung und Widerspruch<br>Sie haben das Recht, jederzeit Auskunft \u00fcber Ihre bei der gespeicherten personenbezogenen Daten zu erhalten. Ebenso haben Sie das Recht auf Berichtigung, Sperrung oder, abgesehen von der vorgeschriebenen Datenspeicherung zur Gesch\u00e4ftsabwicklung, L\u00f6schung Ihrer personenbezogenen Daten. Bitte wenden Sie sich dazu an den Datenschutzbeauftragten der .<br>Damit eine Sperre von Daten jederzeit ber\u00fccksichtigt werden kann, m\u00fcssen diese Daten zu Kontrollzwecken in einer Sperrdatei vorgehalten werden. Sie k\u00f6nnen auch die L\u00f6schung der Daten verlangen, soweit keine gesetzliche Archivierungsverpflichtung besteht. Soweit eine solche Verpflichtung besteht, sperren wir Ihre Daten auf Wunsch.<br>Sie k\u00f6nnen \u00c4nderungen oder den Widerruf einer Einwilligung durch entsprechende Mitteilung an uns mit Wirkung f\u00fcr die Zukunft vornehmen.<\/p>\n\n\n\n<p>6. Sicherheitshinweis<br>Wir setzen technische und organisatorische Sicherheitsma\u00dfnahmen ein, um Ihre durch uns verwalteten Daten gegen zuf\u00e4llige oder vors\u00e4tzliche Manipulationen, Verlust, Zerst\u00f6rung oder gegen den Zugriff unberechtigter Personen zu sch\u00fctzen. Unsere Sicherheitsma\u00dfnahmen werden entsprechend der technologischen Entwicklung fortlaufend verbessert.<br>Bei der Kommunikation per E-Mail kann die vollst\u00e4ndige Datensicherheit von uns nicht gew\u00e4hrleistet werden, so dass wir Ihnen bei vertraulichen Informationen den Postweg empfehlen.<\/p>\n\n\n\n<p>7. Cookies<br>Unsere Website verwendet Cookies. Das sind kleine Textdateien, die es m\u00f6glich machen, auf dem Endger\u00e4t des Nutzers spezifische, auf den Nutzer bezogene Informationen zu speichern, w\u00e4hrend er die Website nutzt. Cookies erm\u00f6glichen es, insbesondere Nutzungsh\u00e4ufigkeit und Nutzeranzahl der Seiten zu ermitteln, Verhaltensweisen der Seitennutzung zu analysieren, aber auch unser Angebot kundenfreundlicher zu gestalten. Cookies bleiben \u00fcber das Ende einer Browser-Sitzung gespeichert und k\u00f6nnen bei einem erneuten Seitenbesuch wieder aufgerufen werden. Wenn Sie das nicht w\u00fcnschen, sollten Sie Ihren Internetbrowser so einstellen, dass er die Annahme von Cookies verweigert.<\/p>\n\n\n\n<p>8. Verwendung von Google<br>www.elotron.de nutzt diverse Dienste von Google Inc. aus den USA. Dazu geh\u00f6ren Google Analytics, Google Adwords, Google reCaptcha, Google Fonts und Google Maps<\/p>\n\n\n\n<p>a. Verwendung von Google Analytics<br>Wir setzen f\u00fcr unsere eigenen Internetseiten und teilweise auch f\u00fcr Internetseiten unserer Nutzer Google Analytics ein. Google Analytics ist ein Webanalysedienst der Google Inc. (\u201eGoogle&#8220;). In dem Zusammenhang werden auch Cookies auf dem Endger\u00e4t des Besuchers oder Jimdo-Nutzers gespeichert, die eine Analyse der Benutzung der Webseite erm\u00f6glichen. Die durch den Cookie erzeugten Informationen werden an einen Server von Google in den USA \u00fcbertragen und dort gespeichert. Wir benutzen die Option der IP-Anonymisierung, so dass die IP-Adresse grunds\u00e4tzlich von Google innerhalb von Mitgliedstaaten der Europ\u00e4ischen Union und in anderen Vertragsstaaten des Abkommens \u00fcber den Europ\u00e4ischen Wirtschaftsraum vor der \u00dcbertragung in die USA gek\u00fcrzt wird. Nur in Ausnahmef\u00e4llen wird die volle IP-Adresse an einen Server von Google in den USA \u00fcbertragen und dort gek\u00fcrzt. Google wird diese Informationen in unserem Auftrag verwenden, um die Nutzung der Webseite auszuwerten, um Reports \u00fcber die Websiteaktivit\u00e4ten f\u00fcr die Websitebetreiber zusammenzustellen und um weitere mit der Webseitennutzung und der Internetnutzung verbundene Dienstleistungen zu erbringen. Die im Rahmen von Google Analytics vom Browser \u00fcbermittelte IP-Adresse wird nicht mit anderen Daten von Google zusammengef\u00fchrt. Das Setzen von Cookies kann durch eine entsprechende Einstellung im Browser verhindert werden; wir weisen jedoch darauf hin, dass in diesem Fall gegebenenfalls nicht sa\u00a8mtliche Funktionen dieser Webseite voll umf\u00e4nglich genutzt werden k\u00f6nnen. Der Erfassung und Speicherung der IP-Adresse und der durch Cookies erzeugten Daten kann jederzeit mit Wirkung f\u00fcr die Zukunft widersprochen werden. Das entsprechende Plugin f\u00fcr den Browser ist hier zu finden: http:\/\/tools.google.com\/dlpage\/gaoptout?hl=de.<br>Zus\u00e4tzliche Informationen dar\u00fcber, wie Google mit personenbezogenen Daten in seinem Werbe-Netzwerk umgeht, sind hier zu finden: Werbung und Datenschutz.<\/p>\n\n\n\n<p>b. Datenschutzerkl\u00e4rung f\u00fcr Google +1<br>Unsere Website verwendet Social-Media-Funktionen von Google Inc., 1600 Amphitheatre Parkway, Mountain View, CA 94043, USA. Bei Aufruf unserer Seiten mit Google-Plug-Ins wird eine Verbindung zwischen Ihrem Browser und den Servern von Google aufgebaut. Dabei werden bereits Daten an Google \u00fcbertragen. Besitzen Sie einen Google-Account, k\u00f6nnen diese Daten damit verkn\u00fcpft werden. Wenn Sie keine Zuordnung dieser Daten zu Ihrem Google-Account w\u00fcnschen, loggen Sie sich bitte vor dem Besuch unserer Seite bei Google aus. Interaktionen, insbesondere das Nutzen einer Kommentarfunktion oder das Anklicken eines \u201e+1\u201c- oder \u201eTeilen\u201c-Buttons werden ebenfalls an Google weitergegeben. Mehr erfahren Sie unter http:\/\/www.google.de\/intl\/de\/policies\/privacy.<\/p>\n\n\n\n<p>9. Log-Daten<br>Wenn Sie unsere Webseite besuchen oder unsere Dienste nutzen \u00fcbermittelt das Ger\u00e4t, mit dem Sie die Seite aufrufen, automatisch Log-Daten (Verbindungsdaten) an unsere Server. Das ist insbesondere der Fall, wenn Sie bestellen, wenn Sie sich einloggen oder wenn Sie Daten hoch- oder runterladen. Log-Daten werden von unseren Servern auch erfasst, wenn Besucher Ihre Webseiten aufrufen. Log-Daten enthalten die IP-Adresse des Ger\u00e4tes, mit dem Sie auf die Website oder einen Dienst zugreifen, die Art des Browsers, mit dem Sie zugreifen, die Webseite, die Sie zuvor besucht haben, Ihre Systemkonfiguration sowie Datum und Zeitangaben. Wir speichern IP-Adressen nur, soweit es zur Erbringung unserer Dienste erforderlich ist. Ansonsten werden die IP-Adressen gel\u00f6scht oder anonymisiert. Ihre IP-Adresse beim Besuch unserer Website und die IP-Adressen der Besucher Ihrer Webseiten speichern wir zur Erkennung und Abwehr von Angriffen maximal 7 Tage.<\/p>\n\n\n\n<p>10. Verwendung von Facebook<br>Wir nutzen kein Facebook.<\/p>\n\n\n\n<p>11. Verwendung von Twitter<br>Wir nutzen kein Twitter<\/p>\n\n\n\n<p>12. Newsletter<br>Wir versenden keine Newsletter.<\/p>\n\n\n\n<p>13. \u00c4nderungen dieser Datenschutzerkl\u00e4rung<br>Wir behalten uns vor, diese Datenschutzerkl\u00e4rung gelegentlich anzupassen, damit sie stets den aktuellen rechtlichen Anforderungen entspricht oder um \u00c4nderungen unserer Leistungen in der Datenschutzerkl\u00e4rung umzusetzen, z. B. bei der Einf\u00fchrung neuer Services. F\u00fcr Ihren erneuten Besuch gilt dann die neue Datenschutzerkl\u00e4rung.<\/p>\n\n\n\n<p>14. Fragen an den Datenschutzbeauftragten<br>Wenn Sie Fragen zum Datenschutz bei der haben, schreiben Sie uns bitte eine E-Mail oder wenden Sie sich direkt an unseren Datenschutzbeauftragten:<\/p>\n\n\n\n<p>ELOTRON GmbH<br>Marieneher Stra\u00dfe 10<br>18069 Rostock<\/p>\n\n\n\n<p>Telefon: 0381 800 22 10\/09<br>email: elektro@elotron.de<\/p>\n","protected":false},"excerpt":{"rendered":"<p>Datenschutzerkl\u00e4rung Wir freuen uns \u00fcber Ihren Besuch auf unserer Website. Ihre Daten werden im Rahmen der gesetzlichen Vorschriften gesch\u00fctzt. Ihre Fragen und Anregungen zum Thema Datenschutz sind uns wichtig. Sie k\u00f6nnen uns jederzeit kontaktieren. Unseren Datenschutzbeauftragten (DSB) erreichen Sie wie folgt: ELOTRON GmbHMarieneher Stra\u00dfe 1018069 Rostock Telefon: 0381 800 22 10\/09email: elektro@elotron.de Damit Sie sich [&hellip;]<\/p>\n","protected":false},"author":1,"featured_media":0,"parent":0,"menu_order":0,"comment_status":"closed","ping_status":"closed","template":"","meta":{"saved_in_kubio":true,"footnotes":""},"class_list":["post-18","page","type-page","status-publish","hentry"],"kubio_ai_page_context":{"short_desc":"","purpose":"general"},"_links":{"self":[{"href":"https:\/\/elotron.de\/index.php\/wp-json\/wp\/v2\/pages\/18","targetHints":{"allow":["GET"]}}],"collection":[{"href":"https:\/\/elotron.de\/index.php\/wp-json\/wp\/v2\/pages"}],"about":[{"href":"https:\/\/elotron.de\/index.php\/wp-json\/wp\/v2\/types\/page"}],"author":[{"embeddable":true,"href":"https:\/\/elotron.de\/index.php\/wp-json\/wp\/v2\/users\/1"}],"replies":[{"embeddable":true,"href":"https:\/\/elotron.de\/index.php\/wp-json\/wp\/v2\/comments?post=18"}],"version-history":[{"count":6,"href":"https:\/\/elotron.de\/index.php\/wp-json\/wp\/v2\/pages\/18\/revisions"}],"predecessor-version":[{"id":786,"href":"https:\/\/elotron.de\/index.php\/wp-json\/wp\/v2\/pages\/18\/revisions\/786"}],"wp:attachment":[{"href":"https:\/\/elotron.de\/index.php\/wp-json\/wp\/v2\/media?parent=18"}],"curies":[{"name":"wp","href":"https:\/\/api.w.org\/{rel}","templated":true}]}}